remainder when o is divided by ((-2)/1)/((-4)/22)?
9
Let z be 2/3*(-18)/(-12). Let v be 1 + -1 + 2 + -2. Let d = v + z. Calculate the remainder when 2 is divided by d.
0
Let n = 3 - -3. Suppose -m = -1 - n. What is the remainder when 25 is divided by m?
4
Calculate the remainder when 4/(-22) + (-563)/(-11) is divided by 27.
24
Calculate the remainder when (2/(-3))/(9/(-297)) is divided by 6.
4
Let c(u) = -4*u + u**2 + 1 + 4*u**2 + 6 - 3*u**2. Calculate the remainder when c(-5) is divided by 20.
17
Let c = 12 + -3. What is the remainder when -2 + (c + 0 - 0) is divided by (-2 - 1)*(-4)/3?
3
Suppose 4*h - 9 = -0*h + 3*f, 5*f = 2*h - 1. Let k(y) = 0*y - 4*y + 3 - h*y - 2. What is the remainder when 28 is divided by k(-2)?
13
Calculate the remainder when (-2852)/(-69)*(-3)/(-2) is divided by 22.
18
Let s(q) = -q**3 - 10*q**2 + q + 20. Let t be s(-10). Suppose 3*z - 12 = 6. Let l = t - z. What is the remainder when l is divided by 3?
1
Suppose 0 = -m + 11*m - 340. Calculate the remainder when m is divided by 13.
8
Let l(d) = 2*d**2 - 7*d + 8. What is the remainder when 23 is divided by l(4)?
11
Let h(r) = -r**2 + r + 2. Let y = 9 - 9. What is the remainder when 4 is divided by h(y)?
0
Let r(w) = 27*w**3 + 1. Let t = 14 - 12. Suppose -t*h + 25 = 5*z, -2*h + 4*z = 2*h - 64. Calculate the remainder when r(1) is divided by h.
13
Suppose 0 = -5*u + 20, 4*u = -r + 3*u + 2. Let o(h) = -7*h - 1. Let n be o(r). Let t = n - 2. What is the remainder when 32 is divided by t?
10
Let k = -83 - -123. Let j = k - 28. What is the remainder when 46 is divided by j?
10
Suppose 30 = 3*y - 153. Suppose -z - y = -7*x + 3*x, -z = -2*x + 33. Calculate the remainder when 3/1 + 37/1 is divided by x.
12
Suppose -5*p + 86 = 3*f, 5*p - 6 + 1 = 0. Calculate the remainder when 51 is divided by f.
24
Suppose -3*m - 5*z = m - 168, 4*m = z + 144. What is the remainder when m is divided by (-24)/(-2) - -1*1?
11
Let t(c) = -c**3 + c + 7. Suppose 18 = -2*v - 5*l, -v + 2*l = l + 9. Let z = v + 28. Calculate the remainder when z is divided by t(0).
5
Suppose 5*o - 56 = 2*o - 2*p, 0 = -2*p + 2. Suppose -5*k + 1 = -24. What is the remainder when o is divided by k?
3
Let u(v) = -4*v**3 - 4*v**2 + 2*v. What is the remainder when 23 is divided by u(-2)?
11
Let z = 0 + 1. Suppose -2*f + 100 = 2*f - n, -88 = -4*f + 4*n. Calculate the remainder when f is divided by (2 - -16)*z/2.
8
Let v = 26 + 4. Calculate the remainder when v is divided by 4 + -2 + 1 + 13.
14
Let q(o) be the third derivative of o**5/10 - o**4/12 - o**3/3 - o**2. Calculate the remainder when q(3) is divided by 16.
14
Suppose x - 3 = 3*o, -o = 2*o + 3. Let c(p) = p**3 + 9. What is the remainder when 35 is divided by c(x)?
8
Suppose -419 = 5*y - 1154. What is the remainder when y is divided by 30?
27
Suppose -m - 3*k + 61 = 0, 5*k = 3*m + 3*k - 150. What is the remainder when m is divided by 18?
16
Suppose 5*c - 3*s - 11 = 0, 7*c - 3*c - 2*s - 10 = 0. Let g be 1/((-4)/8) - -3. What is the remainder when c/3*24/g is divided by 11?
10
Let s = -1 + 84. What is the remainder when s is divided by 21?
20
Let u = 21 - 5. Let r(o) = o**2 + 6*o + 3. Suppose k + 4*w - 8 = 3, 2*k = -4*w + 2. Calculate the remainder when r(k) is divided by u.
14
Let z = 0 - -2. Suppose a - 4*p - 59 = 0, z*a - 157 = -a + 2*p. Suppose 3*s = a + 9. Calculate the remainder when 39 is divided by s.
19
Suppose 0 = 3*s - 2 - 10. What is the remainder when s is divided by (-4 + 7)*(-2 + 4)/2?
1
Let t(u) = -u**2 - 9*u - 3. Let s = 95 - 52. What is the remainder when s is divided by t(-6)?
13
Let p = 78 + -33. What is the remainder when p is divided by (-4)/(-16) - 189/(-12)?
13
Let r(k) = 229*k**3 - 10*k**2 + 5*k + 11. Let h(c) = -46*c**3 + 2*c**2 - c - 2. Let p(o) = -11*h(o) - 2*r(o). What is the remainder when p(1) is divided by 16?
15
Let m = 7 + -2. Suppose -m*s + 12 = -8. Suppose -p - 12 = -s*p. What is the remainder when 7 is divided by p?
3
Let l = 111 + -13. Calculate the remainder when l is divided by 33.
32
Let t = 6 + -3. Let b be (14/3)/(8/12). Calculate the remainder when 60/14 + (-2)/b is divided by t.
1
Suppose 2*o = o - d + 21, 21 = 2*o - 5*d. Calculate the remainder when 68 is divided by o.
14
Let a(w) = -w**3 + 9*w**2 - 8*w - 3. What is the remainder when a(7) is divided by 8?
7
Let f(y) = y**2 - 8 + 2*y + 3*y + 2*y**2 - y**2. What is the remainder when 65 is divided by f(-5)?
14
Let b be 4 - (3 + -1) - -3. Suppose -j - 48 = -z - 2*j, 3*j = -b*z + 244. What is the remainder when z is divided by 27?
23
Let m = 131 - 92. Calculate the remainder when m is divided by 10.
9
Suppose 4*q = -v + 47, 4*v - 2*q = 20 + 186. Let s(i) = i**2 - 8*i - 10. Let u be s(9). Calculate the remainder when v is divided by 13 + 0 - (u + 1).
12
Suppose -4*d + 2*d = -58. Calculate the remainder when d is divided by 4.
1
Let j be 2/(-3) + (-77)/(-21). Calculate the remainder when 10 is divided by 0/(9/j) + 6.
4
Let d(r) = -r**3 - 11*r**2 - r + 11. What is the remainder when 32 is divided by d(-11)?
10
Let j = -22 - -36. Let n(u) = -3*u - 1. Calculate the remainder when j is divided by n(-2).
4
Let k(g) = g**2 - 2*g + 3. Let q be k(1). Suppose -4*a - 4 = 0, -p + 20 - q = 5*a. What is the remainder when 90 is divided by p?
21
Let u = -42 + 46. What is the remainder when 55 is divided by u?
3
Let s(a) = 3*a**2 - 4*a**2 - 2*a - 5*a. What is the remainder when s(-5) is divided by 6?
4
Let r = 131 + -91. Suppose 4*c = 5*c - 5. Suppose 5*t - 4*t - c*z = 39, -2*t + 33 = -z. Calculate the remainder when r is divided by t.
12
Suppose 3*o - 2*o - 400 = 0. Suppose 4*u - o = -y, 2*y + 2*y = 2*u - 218. Calculate the remainder when u is divided by 26.
23
Let o(i) = -74*i - 2. Let a be o(-1). Let x = -40 + a. What is the remainder when 94 is divided by x?
30
Let s(y) = y + 14. Let h be s(10). Calculate the remainder when 68 is divided by -2 + 2/2 + h.
22
Suppose -4*y + 5*h = -242, 0*y = 2*y + 2*h - 130. Suppose -2 = -5*n + y. What is the remainder when n is divided by 4?
1
Let a = -4 + 8. Let s(u) = u**3 + 9*u**2 + 7*u + 3. Let m be -7*(3 + -2) - 1. What is the remainder when s(m) is divided by a?
3
Suppose -10*n - 10 = -8*n. What is the remainder when 2/(((-10)/86)/n) is divided by 29?
28
Suppose -3*x + 41 = -a - 0*a, 69 = 5*x - 2*a. Let b = 75 - 37. Calculate the remainder when b is divided by x.
12
Let g(t) = 46*t**2 + t + 2. What is the remainder when g(-1) is divided by 24?
23
Let y be (-1)/2*(-6)/3. Let t be (3 - (2 - 0)) + y. Suppose 7*i - t*i - 145 = 0. What is the remainder when i is divided by 10?
9
Let s be (120/(-32))/((-1)/4). Let x = s + -4. Calculate the remainder when x is divided by 6.
5
Suppose -177 + 37 = -s. Let g = s - 94. Calculate the remainder when g is divided by 16.
14
Let l be 2/(-3) - 25/3. Suppose -90 = -5*t - 35. Let k = l + t. Calculate the remainder when k is divided by 2.
0
Suppose o + 2*y = 3 + 30, 0 = 4*o - 3*y - 154. What is the remainder when 71 is divided by o?
34
Let l be (-1)/2 + 93/(-6). Let y = 49 + l. Calculate the remainder when y is divided by 9.
6
Suppose 28 = 4*z - 5*m, 3*m = 5*z + 4*m - 64. What is the remainder when (69/2)/((-6)/(-8)) is divided by z?
10
Let h(z) = 2*z + 5 - 5 - 11*z + 2*z**2 + 5. What is the remainder when 45 is divided by h(6)?
22
Let k be ((-16)/(-10))/((-4)/40). What is the remainder when 4/k - (-58)/8 is divided by 5?
2
Let g(d) = d**2 + 10*d - 15. Calculate the remainder when g(-12) is divided by ((-6)/8)/((-8)/32).
0
Calculate the remainder when 118 is divided by (-54)/6*8/(-3).
22
Suppose -7*w = -5*w - 180. Calculate the remainder when w is divided by 31.
28
Let o = -126 + 226. Calculate the remainder when o is divided by 34.
32
Let v = 33 - -13. What is the remainder when v is divided by 12?
10
Let z = -3 - -11. Calculate the remainder when 21 is divided by z.
5
Calculate the remainder when (-146 - (-2 + 2))/(-2) is divided by 19.
16
Let u = -7 - -11. Suppose 0 = -7*z + u*z + 6. Suppose 0 = 4*r + 2*k - 244, -3*r - z*k + 12 + 173 = 0. Calculate the remainder when r is divided by 20.
19
Suppose 3*n + 18 = -15. Let l = n - -2. What is the remainder when 11 is divided by (14/21)/((-1)/l)?
5
Let g(k) = 102*k**2. Let s be g(1). Suppose -p = 2*p - s. Suppose 0 = -3*b + 48 - 12. What is the remainder when p is divided b